{"id":81,"date":"2026-01-17T12:24:03","date_gmt":"2026-01-17T12:24:03","guid":{"rendered":"https:\/\/christophbarth.online\/?page_id=81"},"modified":"2026-02-05T17:11:14","modified_gmt":"2026-02-05T17:11:14","slug":"christoph-barth","status":"publish","type":"page","link":"https:\/\/frequenz-der-seele.online\/es\/","title":{"rendered":"La Frecuencia del Alma"},"content":{"rendered":"\n<figure class=\"wp-block-image size-large\"><img loading=\"lazy\" decoding=\"async\" width=\"664\" height=\"1024\" src=\"https:\/\/frequenz-der-seele.online\/wp-content\/uploads\/2026\/02\/Seele_titel_spanisch_rgb-664x1024.jpg\" alt=\"\" class=\"wp-image-491\" srcset=\"https:\/\/frequenz-der-seele.online\/wp-content\/uploads\/2026\/02\/Seele_titel_spanisch_rgb-664x1024.jpg 664w, https:\/\/frequenz-der-seele.online\/wp-content\/uploads\/2026\/02\/Seele_titel_spanisch_rgb-195x300.jpg 195w, https:\/\/frequenz-der-seele.online\/wp-content\/uploads\/2026\/02\/Seele_titel_spanisch_rgb-768x1184.jpg 768w, https:\/\/frequenz-der-seele.online\/wp-content\/uploads\/2026\/02\/Seele_titel_spanisch_rgb-996x1536.jpg 996w, https:\/\/frequenz-der-seele.online\/wp-content\/uploads\/2026\/02\/Seele_titel_spanisch_rgb.jpg 1123w\" sizes=\"auto, (max-width: 664px) 100vw, 664px\" \/><\/figure>\n\n\n\n<p><\/p>\n\n\n\n<p>\u201cFrecuencia del Alma\u201d es un libro dial\u00f3gico sobre poder, dinero, autodeterminaci\u00f3n y libertad interior, escrito desde la conciencia de un mundo en transformaci\u00f3n. Est\u00e1 dirigido a personas que no desean ser instruidas, sino volver a escucharse a s\u00ed mismas. Diferentes puntos de vista conviven uno junto a otro y permanecen deliberadamente abiertos. Se consideran por igual las estructuras sociales y la responsabilidad personal. El libro invita a la reflexi\u00f3n propia. <\/p>\n\n\n\n<p><em>Este sitio web no es material complementario del libro ni un espacio de marketing.<\/em> <em>Se concibe como un espacio de reflexi\u00f3n.<\/em> <em>La entrada se realiza a trav\u00e9s de \u201cTemas en Transformaci\u00f3n\u201d, como invitaci\u00f3n a pensar juntos.<\/em><\/p>\n\n\n\n<p><a href=\"https:\/\/frequenz-der-seele.online\/es\/temas-en-evolucio\/\" data-type=\"page\" data-id=\"111\">\u2192\u00a0<strong>Temas en Transformaci\u00f3n<\/strong><\/a><\/p>\n\n\n\n<p><\/p>\n","protected":false},"excerpt":{"rendered":"<p>\u201cFrecuencia del Alma\u201d es un libro dial\u00f3gico sobre poder, dinero, autodeterminaci\u00f3n y libertad interior, escrito desde la conciencia de un mundo en transformaci\u00f3n. Est\u00e1 dirigido a personas que no desean ser instruidas, sino volver a escucharse a s\u00ed mismas. Diferentes puntos de vista conviven uno junto a otro y permanecen deliberadamente abiertos. Se consideran por &#8230; <a title=\"La Frecuencia del Alma\" class=\"read-more\" href=\"https:\/\/frequenz-der-seele.online\/es\/\" aria-label=\"Leer m\u00e1s sobre La Frecuencia del Alma\">Leer m\u00e1s<\/a><\/p>\n","protected":false},"author":1,"featured_media":0,"parent":0,"menu_order":0,"comment_status":"closed","ping_status":"closed","template":"","meta":{"_acf_changed":false,"footnotes":""},"class_list":["post-81","page","type-page","status-publish"],"acf":[],"_links":{"self":[{"href":"https:\/\/frequenz-der-seele.online\/es\/wp-json\/wp\/v2\/pages\/81","targetHints":{"allow":["GET"]}}],"collection":[{"href":"https:\/\/frequenz-der-seele.online\/es\/wp-json\/wp\/v2\/pages"}],"about":[{"href":"https:\/\/frequenz-der-seele.online\/es\/wp-json\/wp\/v2\/types\/page"}],"author":[{"embeddable":true,"href":"https:\/\/frequenz-der-seele.online\/es\/wp-json\/wp\/v2\/users\/1"}],"replies":[{"embeddable":true,"href":"https:\/\/frequenz-der-seele.online\/es\/wp-json\/wp\/v2\/comments?post=81"}],"version-history":[{"count":10,"href":"https:\/\/frequenz-der-seele.online\/es\/wp-json\/wp\/v2\/pages\/81\/revisions"}],"predecessor-version":[{"id":592,"href":"https:\/\/frequenz-der-seele.online\/es\/wp-json\/wp\/v2\/pages\/81\/revisions\/592"}],"wp:attachment":[{"href":"https:\/\/frequenz-der-seele.online\/es\/wp-json\/wp\/v2\/media?parent=81"}],"curies":[{"name":"wp","href":"https:\/\/api.w.org\/{rel}","templated":true}]}}

<figure class="wp-block-image size-large"><img loading="lazy" decoding="async" width="664" height="1024" src="https://frequenz-der-seele.online/wp-content/uploads/2026/02/Seele_titel_spanisch_rgb-664x1024.jpg" alt="" class="wp-image-491" srcset="https://frequenz-der-seele.online/wp-content/uploads/2026/02/Seele_titel_spanisch_rgb-664x1024.jpg 664w, https://frequenz-der-seele.online/wp-content/uploads/2026/02/Seele_titel_spanisch_rgb-195x300.jpg 195w, https://frequenz-der-seele.online/wp-content/uploads/2026/02/Seele_titel_spanisch_rgb-768x1184.jpg 768w, https://frequenz-der-seele.online/wp-content/uploads/2026/02/Seele_titel_spanisch_rgb-996x1536.jpg 996w, https://frequenz-der-seele.online/wp-content/uploads/2026/02/Seele_titel_spanisch_rgb.jpg 1123w" sizes="auto, (max-width: 664px) 100vw, 664px" /></figure>



<p></p>



<p>“Frecuencia del Alma” es un libro dialógico sobre poder, dinero, autodeterminación y libertad interior, escrito desde la conciencia de un mundo en transformación. Está dirigido a personas que no desean ser instruidas, sino volver a escucharse a sí mismas. Diferentes puntos de vista conviven uno junto a otro y permanecen deliberadamente abiertos. Se consideran por igual las estructuras sociales y la responsabilidad personal. El libro invita a la reflexión propia. </p>



<p><em>Este sitio web no es material complementario del libro ni un espacio de marketing.</em> <em>Se concibe como un espacio de reflexión.</em> <em>La entrada se realiza a través de “Temas en Transformación”, como invitación a pensar juntos.</em></p>



<p><a href="https://frequenz-der-seele.online/es/temas-en-evolucio/" data-type="page" data-id="111">→ <strong>Temas en Transformación</strong></a></p>



<p></p>

<p>“Frecuencia del Alma” es un libro dialógico sobre poder, dinero, autodeterminación y libertad interior, escrito desde la conciencia de un mundo en transformación. Está dirigido a personas que no desean ser instruidas, sino volver a escucharse a sí mismas. Diferentes puntos de vista conviven uno junto a otro y permanecen deliberadamente abiertos. Se consideran por &#8230; <a title="La Frecuencia del Alma" class="read-more" href="https://frequenz-der-seele.online/es/" aria-label="Leer más sobre La Frecuencia del Alma">Leer más</a></p>
