{"id":712,"date":"2026-01-06T17:48:25","date_gmt":"2026-01-06T17:48:25","guid":{"rendered":"https:\/\/frequenz-der-seele.online\/?page_id=712"},"modified":"2026-02-07T11:31:09","modified_gmt":"2026-02-07T11:31:09","slug":"contacto","status":"publish","type":"page","link":"https:\/\/frequenz-der-seele.online\/es\/contacto\/","title":{"rendered":"Contacto"},"content":{"rendered":"\n<p>Me interesa saber c\u00f3mo los lectores perciben los contenidos de este sitio. Qu\u00e9 resuena, qu\u00e9 incomoda, qu\u00e9 invita a seguir reflexionando.<\/p>\n\n\n\n<p>Si deseas compartir un pensamiento o sientes inter\u00e9s por una conversaci\u00f3n, puedes escribirme. No todos los mensajes requieren una respuesta, y no responder\u00e9 a todas las preguntas. Algunas cosas pueden simplemente quedar abiertas.<\/p>\n\n\n\n<p>Las conversaciones surgen cuando hay sinton\u00eda. Sin presi\u00f3n. Sin compromiso.<\/p>\n\n\n\n<p>Si quieres escribirme:<\/p>\n\n\n\n<p><a href=\"mailto:info@christophbarth.online?subject=Contacto%20Denkraum\" target=\"_blank\" rel=\"noreferrer noopener\">info@christophbarth.online<\/a><\/p>\n","protected":false},"excerpt":{"rendered":"<p>Me interesa saber c\u00f3mo los lectores perciben los contenidos de este sitio. Qu\u00e9 resuena, qu\u00e9 incomoda, qu\u00e9 invita a seguir reflexionando. Si deseas compartir un pensamiento o sientes inter\u00e9s por una conversaci\u00f3n, puedes escribirme. No todos los mensajes requieren una respuesta, y no responder\u00e9 a todas las preguntas. Algunas cosas pueden simplemente quedar abiertas. Las &#8230; <a title=\"Contacto\" class=\"read-more\" href=\"https:\/\/frequenz-der-seele.online\/es\/contacto\/\" aria-label=\"Leer m\u00e1s sobre Contacto\">Leer m\u00e1s<\/a><\/p>\n","protected":false},"author":1,"featured_media":0,"parent":0,"menu_order":0,"comment_status":"closed","ping_status":"closed","template":"","meta":{"_acf_changed":false,"footnotes":""},"class_list":["post-712","page","type-page","status-publish"],"acf":[],"_links":{"self":[{"href":"https:\/\/frequenz-der-seele.online\/es\/wp-json\/wp\/v2\/pages\/712","targetHints":{"allow":["GET"]}}],"collection":[{"href":"https:\/\/frequenz-der-seele.online\/es\/wp-json\/wp\/v2\/pages"}],"about":[{"href":"https:\/\/frequenz-der-seele.online\/es\/wp-json\/wp\/v2\/types\/page"}],"author":[{"embeddable":true,"href":"https:\/\/frequenz-der-seele.online\/es\/wp-json\/wp\/v2\/users\/1"}],"replies":[{"embeddable":true,"href":"https:\/\/frequenz-der-seele.online\/es\/wp-json\/wp\/v2\/comments?post=712"}],"version-history":[{"count":2,"href":"https:\/\/frequenz-der-seele.online\/es\/wp-json\/wp\/v2\/pages\/712\/revisions"}],"predecessor-version":[{"id":716,"href":"https:\/\/frequenz-der-seele.online\/es\/wp-json\/wp\/v2\/pages\/712\/revisions\/716"}],"wp:attachment":[{"href":"https:\/\/frequenz-der-seele.online\/es\/wp-json\/wp\/v2\/media?parent=712"}],"curies":[{"name":"wp","href":"https:\/\/api.w.org\/{rel}","templated":true}]}}

<p>Me interesa saber cómo los lectores perciben los contenidos de este sitio. Qué resuena, qué incomoda, qué invita a seguir reflexionando.</p>



<p>Si deseas compartir un pensamiento o sientes interés por una conversación, puedes escribirme. No todos los mensajes requieren una respuesta, y no responderé a todas las preguntas. Algunas cosas pueden simplemente quedar abiertas.</p>



<p>Las conversaciones surgen cuando hay sintonía. Sin presión. Sin compromiso.</p>



<p>Si quieres escribirme:</p>



<p><a href="mailto:info@christophbarth.online?subject=Contacto%20Denkraum" target="_blank" rel="noreferrer noopener">info@christophbarth.online</a></p>

<p>Me interesa saber cómo los lectores perciben los contenidos de este sitio. Qué resuena, qué incomoda, qué invita a seguir reflexionando. Si deseas compartir un pensamiento o sientes interés por una conversación, puedes escribirme. No todos los mensajes requieren una respuesta, y no responderé a todas las preguntas. Algunas cosas pueden simplemente quedar abiertas. Las &#8230; <a title="Contacto" class="read-more" href="https://frequenz-der-seele.online/es/contacto/" aria-label="Leer más sobre Contacto">Leer más</a></p>
