{"id":667,"date":"2026-02-07T09:24:17","date_gmt":"2026-02-07T09:24:17","guid":{"rendered":"https:\/\/frequenz-der-seele.online\/?page_id=667"},"modified":"2026-02-07T09:36:21","modified_gmt":"2026-02-07T09:36:21","slug":"aviso-legal","status":"publish","type":"page","link":"https:\/\/frequenz-der-seele.online\/es\/aviso-legal\/","title":{"rendered":"AVISO LEGAL"},"content":{"rendered":"\n<p><strong>nformaci\u00f3n legal<\/strong><\/p>\n\n\n\n<p>Titular del sitio web:<br>Christoph Martin Barth<br>Artista y autor<\/p>\n\n\n\n<p>Domicilio:<br>Castillo de Salia 17<br>29711 Alcauc\u00edn \u2013 Venta Baja<br>Espa\u00f1a<\/p>\n\n\n\n<p>Correo electr\u00f3nico:&nbsp;<a>info(a)christophbarth.online<\/a><\/p>\n\n\n\n<p><strong>Responsable del contenido editorial<\/strong><br>Christoph Martin Barth<br>(domicilio indicado anteriormente)<\/p>\n\n\n\n<p><strong>Referencia<\/strong><br>Este sitio web est\u00e1 relacionado en contenido con la p\u00e1gina personal<br><a href=\"https:\/\/christophbarth.online\/\">https:\/\/christophbarth.online<\/a><\/p>\n\n\n\n<p>No se dispone de n\u00famero de identificaci\u00f3n fiscal (IVA).<\/p>\n\n\n\n<p><strong>Protecci\u00f3n de datos<\/strong><\/p>\n\n\n\n<p>La protecci\u00f3n de sus datos personales es importante para m\u00ed.<br>Este sitio web puede utilizarse, en general, sin proporcionar datos personales.<\/p>\n\n\n\n<p><strong>Archivos de registro del servidor<\/strong><br>Al acceder a este sitio web, el proveedor de alojamiento recopila autom\u00e1ticamente informaci\u00f3n t\u00e9cnica (por ejemplo, tipo de navegador, sistema operativo, hora de acceso).<br>Estos datos no pueden asociarse a personas concretas y se utilizan \u00fanicamente por motivos de seguridad y estabilidad t\u00e9cnica.<\/p>\n\n\n\n<p><strong>Contacto<\/strong><br>Si se pone en contacto conmigo por correo electr\u00f3nico, sus datos se utilizar\u00e1n exclusivamente para responder a su consulta y no se ceder\u00e1n a terceros.<\/p>\n\n\n\n<p><strong>Enlaces externos<\/strong><br>Este sitio web contiene un enlace a la p\u00e1gina personal<br><a href=\"https:\/\/christophbarth.online\/\">https:\/\/christophbarth.online<\/a><br>No asumo responsabilidad por el contenido de sitios externos. Se aplican las pol\u00edticas de privacidad correspondientes.<\/p>\n\n\n\n<p><strong>Derechos del usuario<\/strong><br>Usted tiene derecho a solicitar informaci\u00f3n, correcci\u00f3n o eliminaci\u00f3n de sus datos personales en cualquier momento.<br>Contacto:<br><a>info(a)christophbarth.online<\/a><\/p>\n","protected":false},"excerpt":{"rendered":"<p>nformaci\u00f3n legal Titular del sitio web:Christoph Martin BarthArtista y autor Domicilio:Castillo de Salia 1729711 Alcauc\u00edn \u2013 Venta BajaEspa\u00f1a Correo electr\u00f3nico:&nbsp;info(a)christophbarth.online Responsable del contenido editorialChristoph Martin Barth(domicilio indicado anteriormente) ReferenciaEste sitio web est\u00e1 relacionado en contenido con la p\u00e1gina personalhttps:\/\/christophbarth.online No se dispone de n\u00famero de identificaci\u00f3n fiscal (IVA). Protecci\u00f3n de datos La protecci\u00f3n de sus &#8230; <a title=\"AVISO LEGAL\" class=\"read-more\" href=\"https:\/\/frequenz-der-seele.online\/es\/aviso-legal\/\" aria-label=\"Leer m\u00e1s sobre AVISO LEGAL\">Leer m\u00e1s<\/a><\/p>\n","protected":false},"author":1,"featured_media":0,"parent":0,"menu_order":0,"comment_status":"closed","ping_status":"closed","template":"","meta":{"_acf_changed":false,"footnotes":""},"class_list":["post-667","page","type-page","status-publish"],"acf":[],"_links":{"self":[{"href":"https:\/\/frequenz-der-seele.online\/es\/wp-json\/wp\/v2\/pages\/667","targetHints":{"allow":["GET"]}}],"collection":[{"href":"https:\/\/frequenz-der-seele.online\/es\/wp-json\/wp\/v2\/pages"}],"about":[{"href":"https:\/\/frequenz-der-seele.online\/es\/wp-json\/wp\/v2\/types\/page"}],"author":[{"embeddable":true,"href":"https:\/\/frequenz-der-seele.online\/es\/wp-json\/wp\/v2\/users\/1"}],"replies":[{"embeddable":true,"href":"https:\/\/frequenz-der-seele.online\/es\/wp-json\/wp\/v2\/comments?post=667"}],"version-history":[{"count":2,"href":"https:\/\/frequenz-der-seele.online\/es\/wp-json\/wp\/v2\/pages\/667\/revisions"}],"predecessor-version":[{"id":673,"href":"https:\/\/frequenz-der-seele.online\/es\/wp-json\/wp\/v2\/pages\/667\/revisions\/673"}],"wp:attachment":[{"href":"https:\/\/frequenz-der-seele.online\/es\/wp-json\/wp\/v2\/media?parent=667"}],"curies":[{"name":"wp","href":"https:\/\/api.w.org\/{rel}","templated":true}]}}

<p><strong>nformación legal</strong></p>



<p>Titular del sitio web:<br>Christoph Martin Barth<br>Artista y autor</p>



<p>Domicilio:<br>Castillo de Salia 17<br>29711 Alcaucín – Venta Baja<br>España</p>



<p>Correo electrónico:&nbsp;<a>info(a)christophbarth.online</a></p>



<p><strong>Responsable del contenido editorial</strong><br>Christoph Martin Barth<br>(domicilio indicado anteriormente)</p>



<p><strong>Referencia</strong><br>Este sitio web está relacionado en contenido con la página personal<br><a href="https://christophbarth.online/">https://christophbarth.online</a></p>



<p>No se dispone de número de identificación fiscal (IVA).</p>



<p><strong>Protección de datos</strong></p>



<p>La protección de sus datos personales es importante para mí.<br>Este sitio web puede utilizarse, en general, sin proporcionar datos personales.</p>



<p><strong>Archivos de registro del servidor</strong><br>Al acceder a este sitio web, el proveedor de alojamiento recopila automáticamente información técnica (por ejemplo, tipo de navegador, sistema operativo, hora de acceso).<br>Estos datos no pueden asociarse a personas concretas y se utilizan únicamente por motivos de seguridad y estabilidad técnica.</p>



<p><strong>Contacto</strong><br>Si se pone en contacto conmigo por correo electrónico, sus datos se utilizarán exclusivamente para responder a su consulta y no se cederán a terceros.</p>



<p><strong>Enlaces externos</strong><br>Este sitio web contiene un enlace a la página personal<br><a href="https://christophbarth.online/">https://christophbarth.online</a><br>No asumo responsabilidad por el contenido de sitios externos. Se aplican las políticas de privacidad correspondientes.</p>



<p><strong>Derechos del usuario</strong><br>Usted tiene derecho a solicitar información, corrección o eliminación de sus datos personales en cualquier momento.<br>Contacto:<br><a>info(a)christophbarth.online</a></p>

<p>nformación legal Titular del sitio web:Christoph Martin BarthArtista y autor Domicilio:Castillo de Salia 1729711 Alcaucín – Venta BajaEspaña Correo electrónico:&nbsp;info(a)christophbarth.online Responsable del contenido editorialChristoph Martin Barth(domicilio indicado anteriormente) ReferenciaEste sitio web está relacionado en contenido con la página personalhttps://christophbarth.online No se dispone de número de identificación fiscal (IVA). Protección de datos La protección de sus &#8230; <a title="AVISO LEGAL" class="read-more" href="https://frequenz-der-seele.online/es/aviso-legal/" aria-label="Leer más sobre AVISO LEGAL">Leer más</a></p>
